{"id":49,"date":"2024-04-20T13:48:14","date_gmt":"2024-04-20T13:48:14","guid":{"rendered":"https:\/\/careforcows.com\/?page_id=49"},"modified":"2024-04-20T14:05:19","modified_gmt":"2024-04-20T14:05:19","slug":"about-us","status":"publish","type":"page","link":"https:\/\/careforcows.com\/?page_id=49","title":{"rendered":"About Us"},"content":{"rendered":"<p>[et_pb_section fb_built=&#8221;1&#8243; _builder_version=&#8221;4.25.0&#8243; _module_preset=&#8221;default&#8221; global_colors_info=&#8221;{}&#8221;][et_pb_row _builder_version=&#8221;4.25.0&#8243; _module_preset=&#8221;default&#8221;][et_pb_column _builder_version=&#8221;4.25.0&#8243; _module_preset=&#8221;default&#8221; type=&#8221;4_4&#8243;][et_pb_image src=&#8221;http:\/\/careforcows.com\/wp-content\/uploads\/2024\/04\/slider2_1.jpg&#8221; _builder_version=&#8221;4.25.0&#8243; _module_preset=&#8221;default&#8221; title_text=&#8221;slider2_1&#8243; hover_enabled=&#8221;0&#8243; sticky_enabled=&#8221;0&#8243;][\/et_pb_image][\/et_pb_column][\/et_pb_row][et_pb_row column_structure=&#8221;2_5,3_5&#8243; _builder_version=&#8221;4.25.0&#8243; _module_preset=&#8221;default&#8221; global_colors_info=&#8221;{}&#8221;][et_pb_column type=&#8221;2_5&#8243; _builder_version=&#8221;4.25.0&#8243; _module_preset=&#8221;default&#8221; global_colors_info=&#8221;{}&#8221;][et_pb_image src=&#8221;http:\/\/careforcows.com\/wp-content\/uploads\/2024\/04\/KurmaRupaPrabhuJi.jpg&#8221; alt=&#8221;KurmaRupaPrabhuJi&#8221; title_text=&#8221;KurmaRupaPrabhuJi&#8221; _builder_version=&#8221;4.25.0&#8243; _module_preset=&#8221;default&#8221; global_colors_info=&#8221;{}&#8221;][\/et_pb_image][\/et_pb_column][et_pb_column type=&#8221;3_5&#8243; _builder_version=&#8221;4.25.0&#8243; _module_preset=&#8221;default&#8221; global_colors_info=&#8221;{}&#8221;][et_pb_text _builder_version=&#8221;4.25.0&#8243; _module_preset=&#8221;default&#8221; global_colors_info=&#8221;{}&#8221;]<\/p>\n<p><span style=\"color: #800000;\"><strong><span class=\"text-orange\">His Grace <\/span><\/strong><\/span><strong class=\"animated growIn slow go\">Kurma Rupa Prabhu ji<\/strong><\/p>\n<p>The history of Care For Cows Society began approximately in 1999 when Kurma Rupa Prabhu moved to a house in Madhuvana Colony that belonged to his friend, Acyuta Prabhu. One particular cow, that was called Tilak, used to beg from door to door in the neighbourhood and Kurma Rupa Prabhu would also give her whatever vegetable cuttings or old chapatis he had. It became a habit for Tilak to go to the house and get something to eat.<\/p>\n<p>When the month of Kartika arrived, Kurma Rupa made a vow to daily feed fresh grass to Tilak and other stray cows in the neighbourhood. He purchased 40 kg of fresh grass daily, and every evening, Tilak, her calf, and some abandoned cows in the neighbourhood would come to eat outside the house. One morning, Kurma Rupa discovered the six stray cows he had fed the previous evening sleeping outside the gate and understood they had camped out there. Very soon about 9\u201311 cows were coming daily having appointed Kurma Rupa as their protector.<\/p>\n<p>On the last evening of Kartika, Kurma Rupa offered the herd of 11 the regular grass but added some wheat flour to celebrate the completion of his vow. The next morning they were still camped out at the door and demanded that they continued to be fed. Kurma Rupa realised they had no other place to go so he decided to keep it up. For one year, he fed them on his doorstep and had about 11 cows coming every day. Soon the neighbours started bringing their cuttings and putting them on his doorstep to assist in the effort.<\/p>\n<p>At some point, one neighbour who had a vacant plot nearby, offered to let Kurma Rupa use it so the cows could be better cared for. Kurma Rupa built a feeder and shed and started keeping the cows there. That went on for a couple of years.<\/p>\n<p>Then Kurma Rupa Prabhu was allowed to use some land nearby, on Sunrakh road. By that time the \u201cherd\u201d had increased to 15 cows, so he planned to build a shed for 25. By the time the cowshed was complete, he had 25 cows. Other people showed interest, offered donations and assistance, and the project grew. Care For Cows was born.<\/p>\n<p>In contrast to a Goshalla (Dairy), Care For Cows operates a Go-sadan, which means a retirement facility for cows. Care For Cows is a registered charitable Foundation in India and is presently providing food and shelter for a several herds around Vrindavan Dham. The Care For Cows team consists of our very dedicated Sri Nandu Lal Joshi Prabhu, a core team of local gau sevaks and volunteers like you, our readers, who offer talents and resources to tend to the neglected cows living in Krishna&#8217;s holy land, Sri Vrindavan Dham. Through your generosity and efforts, we provide stray cows with complete care including; hay, flour, fresh grass, supplements, medical attention and a place where they can recuperate from injuries. Our friend, godbrother and Guru; Kurma Rupa Prabhu left this material world June 28th 2015 on the Padmini Ekadasi Day during the Purusottama-adhika Masa. We are trying our very best to continue his legacy\u2026.<\/p>\n<p>[\/et_pb_text][\/et_pb_column][\/et_pb_row][et_pb_row column_structure=&#8221;2_5,3_5&#8243; _builder_version=&#8221;4.25.0&#8243; _module_preset=&#8221;default&#8221; global_colors_info=&#8221;{}&#8221;][et_pb_column type=&#8221;2_5&#8243; _builder_version=&#8221;4.25.0&#8243; _module_preset=&#8221;default&#8221; global_colors_info=&#8221;{}&#8221;][et_pb_image src=&#8221;http:\/\/careforcows.com\/wp-content\/uploads\/2024\/04\/NanduLalJoshiPrabhuJi.jpg&#8221; alt=&#8221;NanduLalJoshiPrabhuJi&#8221; title_text=&#8221;NanduLalJoshiPrabhuJi&#8221; _builder_version=&#8221;4.25.0&#8243; _module_preset=&#8221;default&#8221; global_colors_info=&#8221;{}&#8221;][\/et_pb_image][\/et_pb_column][et_pb_column type=&#8221;3_5&#8243; _builder_version=&#8221;4.25.0&#8243; _module_preset=&#8221;default&#8221; global_colors_info=&#8221;{}&#8221;][et_pb_text _builder_version=&#8221;4.25.0&#8243; _module_preset=&#8221;default&#8221; global_colors_info=&#8221;{}&#8221;]<\/p>\n<p><strong class=\"animated growIn slow go\"><span class=\"text-orange\"><span style=\"color: #800000;\">Nandu Lal<\/span><span>\u00a0<\/span><\/span>Joshi Prabhu ji<\/strong><span><\/span><\/p>\n<p>At present we are caring for around 300 hundred street cows. These are generally old cows abandoned by farmers who cannot afford to care for them anymore, or calves that have just been left on the street after they were used to milk their moms or injured cows who were hit by vehicles on the street. Not a single cow, at any of our Gaushala\u2019s, is purchased from the market for any high milk yield consideration.<\/p>\n<p><strong>How it all started<\/strong><span><\/span><\/p>\n<p>It all started with the one cow that showed up at His Grace Kurma Rupa Prabhu\u2019s door hungry. He fed her and she came back the next day with another friend. Then they came back the next day with another two friends who then came back with another four and that was the beginning of Care For Cows on the streets of Vrindavan. This was way back in 1999. All these years later the legacy continues. Nandu Lal Joshi, following in the footsteps of his Guru continues to serve the cows, striving to please them and honour them as is required in our Sanatan Dharma.<\/p>\n<p>Kurma Rupa Prabhu was born in Texas to a very pious family. He grew up in Mexico city but returned to Texas to attend college. At the age of 21 he was drafted into the US Army. While he was in the army, he prayed for the first time in his life &#8211; asking the Almighty to help him avoid the war raging in Vietnam. He promised to serve Him if he could go back. Soon after, Kumar Rupa Prabhu was allowed to leave the army and didn\u2019t have to go to Vietnam. He now felt obliged to fulfil his side of the bargain. The International Society for Krishna consciousness provided the answer, and he joined the society on the West Coast of the USA and received initiation from ISKCON\u2019s Founder Acharya, His Divine Grace A.C. Bhaktivedanta Swami Prabhup\u0101da. After renouncing the grihastha ashram, he moved to NYC, where ISKCON had a big temple located on Manhattan\u2019s West side. In 1984 he moved to Shri Vrindavan Dham with his godbrother Hansarupa das and took up teaching in the Bhaktivedanta Swami Gurukula. It was here that he first met Nandu and his brother, Balaram, sons of his godbrother, Sri Yashomati Nandan Prabhu, a prominent disciple of \u015ar\u012bla Prabhup\u0101da, who had been entrusted with overseeing ISKCON\u2019s activities in Gujarat. Kurma Rupa Prabhu never left Vrindavan for long. Only for preaching tours to spread the glories of Gau Seva.<\/p>\n<p><strong>Today we need your help.<\/strong><span><\/span><\/p>\n<p>Cow caring is an expensive and labour-intensive operation. Back in the day it was easy. The cows would go out grazing in the morning after milking and return home in the evening nice and fed with bags full of milk again. Nowadays, due to zero pasturing lands, unfortunately that is not possible. We have no land of our own at this time and therefore must buy everything from the market, from green grass and hay, to medicines.<\/p>\n<p>Our daily expenses for the Cows include feeding, sheltering, medication, transport, as well as the maintenance of our Gau sevaks. We are an independent Gaushala with no umbrella institution that supports us. Care For Cows Society runs solely on small donations made by individuals such as yourselves.<\/p>\n<p>We humbly invite you to please consider becoming a regular donor so the cows never have to go hungry, cold or sick.<\/p>\n<p>\u201cThe problem with today\u2019s world is humans. Humans have taken over all of mother earth leaving nothing for the rest of creation. This approach towards life has created a total imbalance in nature. The keys to restoring the balance are also in the hands of the humans only. By serving the cows it is possible to bring the balance back. Therefore, we encourage one and all to join us in this endeavour\u201d- Kurma Rupa Prabhu.<\/p>\n<p>[\/et_pb_text][\/et_pb_column][\/et_pb_row][\/et_pb_section]<\/p>\n","protected":false},"excerpt":{"rendered":"<p>His Grace Kurma Rupa Prabhu ji The history of Care For Cows Society began approximately in 1999 when Kurma Rupa Prabhu moved to a house in Madhuvana Colony that belonged to his friend, Acyuta Prabhu. One particular cow, that was called Tilak, used to beg from door to door in the neighbourhood and Kurma Rupa [&hellip;]<\/p>\n","protected":false},"author":1,"featured_media":0,"parent":0,"menu_order":0,"comment_status":"closed","ping_status":"closed","template":"","meta":{"_et_pb_use_builder":"on","_et_pb_old_content":"","_et_gb_content_width":"","footnotes":""},"class_list":["post-49","page","type-page","status-publish","hentry"],"_links":{"self":[{"href":"https:\/\/careforcows.com\/index.php?rest_route=\/wp\/v2\/pages\/49","targetHints":{"allow":["GET"]}}],"collection":[{"href":"https:\/\/careforcows.com\/index.php?rest_route=\/wp\/v2\/pages"}],"about":[{"href":"https:\/\/careforcows.com\/index.php?rest_route=\/wp\/v2\/types\/page"}],"author":[{"embeddable":true,"href":"https:\/\/careforcows.com\/index.php?rest_route=\/wp\/v2\/users\/1"}],"replies":[{"embeddable":true,"href":"https:\/\/careforcows.com\/index.php?rest_route=%2Fwp%2Fv2%2Fcomments&post=49"}],"version-history":[{"count":3,"href":"https:\/\/careforcows.com\/index.php?rest_route=\/wp\/v2\/pages\/49\/revisions"}],"predecessor-version":[{"id":57,"href":"https:\/\/careforcows.com\/index.php?rest_route=\/wp\/v2\/pages\/49\/revisions\/57"}],"wp:attachment":[{"href":"https:\/\/careforcows.com\/index.php?rest_route=%2Fwp%2Fv2%2Fmedia&parent=49"}],"curies":[{"name":"wp","href":"https:\/\/api.w.org\/{rel}","templated":true}]}}